x. Is 464/3 - l/(-9) prime?
False
Let n be (12/(-10))/(3/(-470)). Let l = -102 + n. Is l a composite number?
True
Is -2 - (-734 + 0) - (-6)/3 composite?
True
Let j(t) = 7*t**2 + 9*t + 15. Is j(-11) a prime number?
False
Let f(g) be the first derivative of 2*g**3/3 - 4. Let u be f(-1). Suppose -211 = -4*j + p, -j - j + 108 = u*p. Is j prime?
True
Let g be 0 + (-1 - -1) + 3. Let z be 27/6 - (-2)/4. Suppose 0 = -4*x - 2*i + 16, 12 = g*x - z*i - 0*i. Is x composite?
True
Is 16/6*(-204)/(-16) prime?
False
Suppose 0 = -2*t + 112 + 150. Is t a prime number?
True
Suppose -3*q + 5*x + 6 + 23 = 0, 4*q + 5*x = -8. Suppose 0*z - z + 745 = 5*k, 0 = q*k - z - 447. Is k a composite number?
False
Suppose 0 = -8*y + y + 567. Let p(n) = 8*n**3 + 2*n**2 - 1. Let f be p(-1). Let d = f + y. Is d a composite number?
True
Suppose -4*c = 2*k - 3*c - 3, -4*k - 3 = 5*c. Suppose k*j - 271 - 896 = 0. Is j prime?
True
Suppose 129 = k - 0*o + 4*o, 3*k + 2*o - 427 = 0. Is k a composite number?
True
Suppose q = -2*x + 107, 3*q - 5*q + 5*x + 241 = 0. Is q a composite number?
False
Suppose 0 = -3*p + 1165 + 1526. Suppose 0 = -u + m + 228, -6*u + m + p = -2*u. Is u a composite number?
False
Suppose 5*a = a + 628. Is a a composite number?
False
Let x = -2 + 5. Let l(k) = -2*k + 1. Let r be l(-8). Suppose -5*u - 2*i + 48 = 0, -4*i = -u - x + r. Is u a composite number?
True
Let g = -24 + 55. Let p(u) = -7*u - 38. Let i be p(-4). Let n = g + i. Is n composite?
True
Let b(z) = 2*z**2 - 3*z. Let m be b(2). Let w be (-1)/3 - (-110)/33. Suppose -345 = -m*c - w*c. Is c a composite number?
True
Let z = 282 + -137. Is z prime?
False
Suppose 0 = 2*m - 4*m - 546. Let n = 464 + m. Is n composite?
False
Let a(x) = 62*x**2 - 3*x + 6. Is a(5) prime?
False
Let b be 2/13 + 100/26. Let p be 1/(-3) - (-1)/3. Suppose p = 2*j + b*x - 106, 0*j - 2*x = -4*j + 182. Is j composite?
False
Suppose -x + 3*x + 6 = 0, 3*x = 2*j - 29. Let z = j - 7. Suppose 0 = 3*s - z*p - 18, -5*s + 3*p + 24 = -0*s. Is s a prime number?
True
Let s be -136 + (-1 + 2)/(-1). Let f = 74 - s. Is f composite?
False
Let f(t) = t**3 + 8*t**2 + 8*t + 10. Is f(-6) a composite number?
True
Suppose -2*c = 3*o, o - 16 = -4*c - o. Is ((-98)/(-4))/(c/12) prime?
False
Let t(q) be the third derivative of 1/60*q**5 + 13/6*q**3 + 0 + 0*q + 3*q**2 + 0*q**4. Is t(0) a composite number?
False
Let z be ((-10)/8)/((-3)/12). Suppose 25 + 47 = k + 2*c, 2*k = -z*c + 149. Is k a composite number?
True
Suppose -6 = -m + 13. Suppose -2*n - n + 2*w - 50 = 0, 5*n + 4*w = -98. Let r = m - n. Is r composite?
False
Let n be (-6 + 14)/((-4)/42). Let p = 211 + n. Is p a prime number?
True
Suppose 3*d - 151 = 1109. Let z = 1489 - d. Is z prime?
True
Let l(b) = 7*b + 4 + 5*b**2 - 4*b**2 + 0*b**2. Let f be l(-6). Is (20/(-6))/(f/6) a prime number?
False
Suppose -3*u + 27 = 5*x, -2*u - 16 = -4*x - 3*u. Let j = x + 1. Suppose -j*h = h - 15. Is h a composite number?
False
Let o(l) = -78*l**3 + 2*l**2 + 3*l. Let y be o(-2). Suppose -1798 + y = -4*b. Is b prime?
True
Suppose -5*w + 561 = s - w, 2225 = 4*s - 3*w. Is s composite?
False
Let k(b) = -100*b - 6. Is k(-4) a prime number?
False
Let j be 0 + (0 - 3 - -1). Is -2*((-108)/8 - j) composite?
False
Let b(c) = 21*c - 3. Is b(2) a composite number?
True
Let v(r) = 11*r - 20. Is v(9) a prime number?
True
Suppose -60 = 2*z + 12. Let g = 0 + -50. Let x = z - g. Is x a prime number?
False
Let a be 20*(0 - (-12)/10). Suppose 0 = -5*h + a + 11. Is h a prime number?
True
Suppose 0*n + 2*n = 0. Suppose -2*f + 109 + 113 = n. Is f a composite number?
True
Let a(x) be the first derivative of 109*x**2/2 + 2*x + 5. Is a(1) a composite number?
True
Suppose 2*k + 2 = 14. Suppose -15 = 5*m + q - k*q, -3*q = -5*m - 7. Suppose -z = 3*j + z - 32, 3*z = -j - m. Is j composite?
True
Suppose 553 = 3*x - 2*a, -3*x + 923 = 2*x - 2*a. Is x a composite number?
True
Let r = 906 + 653. Is r prime?
True
Let h = -6 - -11. Suppose -3*d + 2*v = -5, 3*d - h*v = 16 + 1. Is d*1*(1 + -78) a composite number?
True
Suppose 2*o = -10, 4*w - 45 = -w - o. Let l = -7 + w. Suppose 3*v + 2*q = 71, l*v - 5*q - 32 - 32 = 0. Is v prime?
True
Suppose 2 = 3*k - 4. Let x be -2*((-5)/k - -1). Is x/(-9) + (-320)/(-6) composite?
False
Let q be 62/8 - 3/(-12). Suppose 3*m + m - q = 0. Suppose -2*p - 29 = -m*r - 5*p, r + p = 16. Is r a composite number?
False
Let v = 3666 + -2045. Is v prime?
True
Let h = -51 + 82. Is h prime?
True
Is ((-492)/(-1))/3 - 1 prime?
True
Suppose 6*d = 2*d + 28. Is (0 + d/(-2))*-46 prime?
False
Is 2/(-6) - (-3298)/3 a prime number?
False
Let p(z) = -z**3 - 4*z**2. Let x be p(-4). Suppose 0 = 4*i - 2*q - 230, x*i + 2*q + 112 = 2*i. Is i composite?
False
Let z = -40 + 369. Is z a prime number?
False
Let r = 4 - 7. Let f be (-3)/(-2)*2/r. Let u(d) = 35*d**2. Is u(f) a prime number?
False
Suppose -2*c - 815 + 3517 = 0. Is c prime?
False
Suppose 0 = 4*p + p. Suppose p*z = -3*z + 33. Is z a prime number?
True
Let y = 167 + 35. Let k = y - 87. Is k composite?
True
Suppose 4*l + 0*l - 1328 = -4*n, 5*n = 4*l - 1373. Is l composite?
False
Suppose -34 + 6 = -4*z. Suppose -3*l + z*l = 0. Let y(u) = -u**3 - u**2 - u + 35. Is y(l) a composite number?
True
Let n = 71742 + -41161. Let z = n - 18636. Is 2/(-11) + z/55 a composite number?
True
Suppose -4*d - 2*t = -138, 8*t = 2*d + 4*t - 64. Let l = d - 1. Is l composite?
True
Suppose 0 = -5*m - 4831 + 17016. Suppose 2*j - m = j. Is j prime?
True
Suppose 0 = -4*v - r + 39, -r + 35 = 4*v + 4*r. Let u(l) = -l**3 + 11*l**2 + 5*l - 7. Is u(v) a prime number?
False
Suppose -3*t = -5*b - 313, 0 = -2*t + 2*b - 4*b + 214. Is t prime?
False
Is (4/6)/(6 + (-4064)/678) prime?
True
Let y(u) be the second derivative of -u**4/12 + 2*u**3 + 7*u**2/2 - 2*u. Let q be y(10). Let i = q + 86. Is i a composite number?
False
Suppose -6*o = -2*o - 20. Suppose 3*y - 1 = -0*p - 4*p, -o*p = -5*y + 60. Is y a prime number?
True
Suppose -5*h + 4 = -3*h. Suppose 0 = -h*i + 4*i - 70. Is i composite?
True
Suppose q = -2*k + 94, -3*k + 177 = -q + 26. Is k a prime number?
False
Suppose -c - 34 = -4*b, 2*b - c = -b + 25. Let z be (30/b)/((-6)/(-9)). Suppose -m = 3, -62 = q - z*q + 2*m. Is q a prime number?
False
Suppose 2*d - 1 = -0*d - t, d + 2*t = -7. Let v = 0 - 0. Suppose v = -4*q + d*q + 13. Is q a composite number?
False
Let p be 5/(-2)*12/(-10). Let j = 540 + -383. Suppose -p*k = j - 430. Is k prime?
False
Let f(y) = -y**3 - y**2 - y + 1043. Is f(0) composite?
True
Let f(t) = t**3 + 11*t**2 + 14*t + 9. Let q be f(-9). Suppose -5*v + q = -140. Is v a prime number?
True
Let p(n) = -n**3 + 10*n**2 + 13*n - 11. Is p(10) a prime number?
False
Suppose -3*g - j + 116 = -203, -5 = -5*j. Is g a prime number?
False
Suppose 3*g - 5*l + 75 = 6*g, -8 = -g + 4*l. Suppose -z + 36 = r, 5*r = z - 22 - g. Is z a composite number?
False
Is (-2)/1 - (-1225 - 3) prime?
False
Is -1*(59*-5 + 2) a composite number?
False
Let r = -5 - 1. Is -677*(r + 4 + 1) a prime number?
True
Let d be (-2)/4*(-1 + -3). Suppose 2*j + 9 = 55. Suppose d*q - 19 = j. Is q a prime number?
False
Suppose -11726 + 3963 = -7*o. Is o composite?
False
Suppose 0 = 2*v + 3*y - 1231, 2452 = 4*v - 0*y - 4*y. Is v prime?
False
Let n(a) = -5*a**3 - 16*a**2 - 9*a - 9. Is n(-16) composite?
False
Let n = -646 + 1161. Is n prime?
False
Is (72/(-33) - -2) + (-8205)/(-55) a composite number?
False
Let i = 16337 + -11034. Is i composite?
False
Is 58 + 0/((-4)/(-2)) composite?
True
Let h be ((-2)/6)/(1/(-15)). Suppose -h*a - 245 = -5*l + 1945, 0 = 5*a + 4*l + 2163. Let t = -280 - a. Is t prime?
False
Let r(y) = y + 7. Let u be r(-5). Let x be (0 - u - -1) + -381. Let j = 543 + x. Is j prime?
False
Let b(g) be the first derivative of g**4/4 - 2*g**3/3 - 2*g**2 + 3*g + 1. Let z be b(3). Suppose z*c = -3*c + 147. Is c a prime number?
False
Let l be (-23)/(2/(-8)*1). Suppose 1206 = 2*d + l. Is d prime?
True
Is 4604/6*(-6)/(-4) composite?
False
Suppose -8 = v - 5*v. Suppose v*g = 2 - 0. Is (-2)/((-2)/31*g) a prime number?
True
Suppose -18037 + 7504 = -3*u. Is u composite?
False
Suppose -4*p + 16 = 0, 0 = -2*f - 3*p - p + 590. Is f prime?
False
Let x(d) = 3*d**2 - 4*d + 3. Let a = 0 + -3. Let z be a/2*(-8)/(-3). Is x(z) prime?
True
Suppose 5*z + 16 = -5*i - 14, -2*z - 4*i = 8. Let v be (2/4)/(4/z). Is 83 